4 - -53))) + 45 + -2.
57
Calculate -139 - (1 - 32 - 28).
-80
Evaluate -21 + 0 + (-979 - -1023).
23
-15 + (4 - (-19 + 11)) - -9 - (2 + 4)
0
Calculate -16 + 1 - (-7 - (-35 + 53)).
10
Evaluate (-10 - -6) + 24 + 1 - (-24 - -10 - -19).
16
Calculate 48 - (135 - (0 + 76)).
-11
Evaluate 10 + ((11 - 1) + (-45 - 4) - 9).
-38
(20 - -1) + 57 + (-90 - -45)
33
What is -32 + 38 + -29 + 29?
6
What is the value of (17 - (24 - 0 - 15)) + (2 - 43)?
-33
What is the value of (-6 - -3) + -8 + (41 - 41) - (7 - 90)?
72
What is the value of -56 - (48 + -140) - 39?
-3
What is -27 + 45 + (-21 + 39 - 26)?
10
What is the value of (29 + 38 - 10) + -79?
-22
Evaluate -11 - -28 - 31 - 1 - -25.
10
Evaluate 55 - (-48 - (-7 + -25) - (-14 + -1)).
56
What is -3 + 3 + -31 + 1233 + -1219?
-17
What is the value of 2 - 19 - (37 - (45 - -35))?
26
-6145 - -6218 - (1 + 6 + (-2 - -1))
67
Evaluate -1 - 1 - (-13 + (10 - -20) - 15).
-4
Calculate 12 + (-42 - (15 - -3 - 15)) + (0 - 0).
-33
-22 + 57 + (4 - (4 + 6))
29
(76 - 88) + 18 + -12 + 19
13
What is the value of -16 - (-5 + 8 - (3 - 30))?
-46
Calculate (21 + -3 - -1) + 799 + -798.
20
29 - 1 - (-14 + 32 + -19 - 8)
37
Calculate (26 - 42) + 9 + -3 + -13 + 24.
1
What is -74 + (2 - (17 - 19)) - (3 + 0 - 13)?
-60
What is the value of -2 - (-2 + 2 - (167 - 166))?
-1
Evaluate -10 - (0 + 15 + 1 + -4302 + 4284).
-8
Evaluate 52 + -26 + -12 + 100 + 21.
135
Evaluate -51 - (4 - -10 - (25 + -11)).
-51
Evaluate -44 + -153 + 125 - -164.
92
What is the value of -32 - (9 + -1 + (1 + -89 - -93))?
-45
What is 9 - (-19 - (0 - 40)) - 17?
-29
Evaluate 1 + 0 - -6 - ((21 - 30 - -15) + 42).
-41
35 - (-11 + -21 - (-30 + 3))
40
-89 - (-72 - (2 - -141))
126
Calculate (-423 - -467 - (-1 - -28)) + 11.
28
What is the value of 12 + (56 - (139 + -55))?
-16
What is -7 - (3 + (19 - (9 + 7) - (4 + -3)))?
-12
What is the value of 3 + -55 + (10 - -13) - 18?
-47
39 + 49 + -31 + -27 - 54
-24
What is the value of 30 - (-6 + -4 - -25) - -28?
43
Calculate -8 + (-5 - (-17 + 13 + 0)) + -25.
-34
7 + -2 - ((-29 - -62) + -4 + -25)
1
(-94 - (18 - (45 - 3))) + -1
-71
What is the value of -70 - (6 - (6 + -17)) - -25?
-62
Calculate -12 + (1 + 8 - ((4 - 15) + 8)).
0
Calculate (-92 + (42 - -57) - (1 - (-5 + -1))) + -16.
-16
What is 1 + 3 + -74 + 68 + 9?
7
Evaluate 3 + (-2 + -1 - -2) + 31 + (261 - 253).
41
What is the value of -34 + (18 - (5 + 4)) - (1 + -2 - 6)?
-18
Calculate 2 + (9 + -120 - (1 - (2 - 0))) + -8.
-116
-29 - (-122 - -53 - 12)
52
What is the value of (-18 - (-17 - -4)) + (-1 - (45 - 4))?
-47
What is the value of -2 + (14 + -23 - -7) - -20 - 4?
12
What is the value of 20 - (-124 - -139 - -132)?
-127
Calculate (40 - 1) + 26 + (-29 - -9 - -3).
48
What is the value of -42 + (-47 - -71) - -31?
13
Calculate -24 + (12 - 2) + (57 - 58) + 15.
0
Calculate -1 + 5 + 75 + -4 - (19 + (7 - 27)).
76
Evaluate -7 - (-121 - (10 + -88)).
36
Evaluate (-28 - (17 - 0)) + (-4 - (5 + -1)).
-53
(7 - (17 + -5 - (-2 - -6) - -8)) + 6
-3
Evaluate 3 - -49 - (-11 - (11 + -28)).
46
Evaluate (-5 - 2 - (-26 + 7 + 30)) + 11 + -70.
-77
7 + 1 + -302 + 282
-12
Evaluate 72 + (-104 - -59) - 62.
-35
What is 16 + 1 - (2493 - 2448)?
-28
31 + -4 + (56 - 39) + (-1 + 1 - -2)
46
-657 + 642 - (2 + 0 + -19)
2
What is 78 - (59 - (37 - 103))?
-47
Calculate -242 + 111 + (48 - 36).
-119
Calculate 19 + 86 + -125 + -38 + 0.
-58
61 + (-57 - -68) - 62
10
-21 - (-107 + 59 - -31)
-4
Calculate (1 - 24) + (23 - (31 + -23)).
-8
Evaluate (-7 + (20 - 6) - -9) + -2.
14
What is 9 - (-2 - -11) - (-15 + -12 + -91)?
118
(-12 - (-61 - 0 - -14)) + -10
25
What is 749 + -777 + (2 - 5) + -11?
-42
What is the value of -1 + 12 + (13 - ((-32 - 3) + 4)) + 11?
66
Calculate 107 + (-66 - -34) - (16 - 2).
61
-13 - (-38 + 0 - (-15 - (-71 + 70)) - -14)
-3
What is the value of 35 + -94 + (1 - -7) + 5?
-46
What is 28 - (7 - 9 - (-5 - -6))?
31
Calculate -10 + -1 + (-12 + (4 - (0 - 0)) - -18).
-1
What is the value of -4 + 0 + 23 + (29 + -63 - -10) - -65?
60
Evaluate (9 - 14) + 34 - 19 - 38.
-28
What is the value of -4 + -14 - -13 - 47 - -13?
-39
9 + (904 - 1036) + (35 - 0)
-88
What is 13 + -2 + -29 + (-6 - 1) + 8?
-17
What is the value of -121 + 140 - (-4 + 13) - 10?
0
Calculate 43 - 163 - -75 - (-1 - 28).
-16
What is -53 - (-48 + 51 + -31)?
-25
(87 + -91 + (-1 - -2) - 7) + -43
-53
What is the value of -15 + 4 - ((-34 - 35) + -5)?
63
Calculate -42 - -1 - (-17 + (-2 - 4 - (19 + -34))).
-33
What is 0 + (56 - 44) + (-3 - -8 - 17)?
0
What is (46 - 77) + (-10 - 1) + 22?
-20
Calculate 128 - (-65 + (31 - -158)).
4
Evaluate -3 + 4 + 13 + -22 + -14.
-22
Evaluate 16 - 13 - (-19 + 5) - 61.
-44
Evaluate -19 + 38 + -14 + (1 - 1) + -20.
-15
Evaluate -10 + 41 + 64 + -162.
-67
Calculate (23 - 2) + (58 - (66 + 11 - 51)).
53
Calculate (211 - 117) + -166 + 39.
-33
What is the value of -8881 + 8746 + 1 + 154?
20
(-770 + 753 - (46 - -1)) + -30
-94
What is -1895 + 1900 + -1 + -18 + 11 + -1?
-4
-16 + (-58 - (-92 + 82))
-64
-93 - (-75 - 52) - (0 - 1 - 2) - 0
37
Calculate (17 - -9 - -13) + 4 + -1 + -8.
34
What is the value of -21 + 4 + (-18 - (8 + 0 + -1 + -13))?
-29
What is the value of 522 + -521 - (-1 + (1 - (0 + 4)))?
5
Calculate (-64 - (66 + -69)) + 51.
-10
-16 + 2 + -6 + 45 + -84
-59
Evaluate (13 - (32 + -16 + -18 - 0)) + 1.
16
Calculate -13 + -22 + (10 - (7 - -12) - -69).
25
(-23 - (10 - 26) - 37) + (2 - 3) + 5
-40
Evaluate (-2 - 1 - -26) + (-1 - -86) + 38.
146
What is the value of 3 - -3 - (-2 + -1 + (21 - 2) + -12)?
2
What is the value of (7 + 2 - (-1 - -1)) + (107 - (-107 + 198))?
25
Calculate (-45 - (-23 - 18)) + 47.
43
What is the value of 3 + -3 + 1 + -6 + -32 + -7 + 1?
-43
Evaluate 0 + 88 + -18 + 11 + -15 - 4.
62
What is 93 - (-7 - -13) - -16 - (50 - 32)?
85
Evaluate (-3 - 15) + -1 + 1034 + -1028 - (34 + -1).
-46
54 + 117 + -150 + 88
109
Evaluate 122 + -1 + (-9 + 267 - 243).
136
What is 22 + -19 - (5 + (-3 - -6)) - 4?
-9
What is 8 - (104 - -10) - (72 + -73 + (-2 - -2))?
-105
Calculate 3 + -28 + (-48 - -147) + -12.
62
What is (-9 - -2 - 0) + (55 - 24 - -14) + -18?
20
What is -10 + 12 + 1 + -706 + 725?
22
Calculate (-2 - 42) + (-263 - -287) - (-10 - 0).
-10
Evaluate -87 - (-17 + (11 + 2 - 17 - -16)).
-82
Calculate 16 - (11 + -15 + (14 - (27 - -13))).
46
Evaluate -22 + -25 - ((-13 - (-21 - -16)) + (-1 - -6)).
-44
Calculate 2 + 1 + 1051 + -1014 + 34.
74
What is (12 - -1) + -103 + (-29 + 32 - (-7 + 21))?
-101
Calculate 7 - (-10 + (21 + -2 - 12) - 83).
93
What is the value of -68 - (-37 + 39 + -45)?
-25
Calculate 21 + 2 + 0 - (-16 + -36 + -7 - -48).
34
What is the value of -84 + 696 + -694 + (-4 - 0 - 1)?
-87
What is the value of 68 - (-30 + 50 + 106)?
-58
Calculate -3 + -6 + 18 + (4 + -10 - -44).
47
What is the value of (20 - 7 - 34) + 84 + -17?
46
What is the value of -31 - (1 - 10 - (21 - (25 + 9)))?
-35
(-53 - (-89 - 71)) + -98
9
Calculate 24 + -56 + -4 - 10.
-46
What is (-112 - -45) + (-1 + -6 - 3 - -7)?
-70
Calculate 1452 + -1433 + -53 + 1.
-33
(-47 - (3 - 110)) + -29
31
104 + (-115 + 19 - -82)
90
Calculate 8 + (-30 - -14) - 20 - 10.
-38
Calculate 2 - (42 + -35 - (-1 - (-9 + -1))).
4
Calculate 21 - 1 - (-558 + 590) - (-1 + (-9 - 0)).
-2
What is (84 - 23) + 30 + -16 + -5?
70
What is the value of -103 + 53 - (-4 + -45)?
-1
1 + 15 + (-2 + -91 - (-15 + -10))
-52
5 + ((59 - 89) + 34 - (1 + 6))
2
Evaluate -882 + 888 - (49 + (2 - (-3 + 3))).
-45
What is the value of (13 - 21 - -32) + -6 + 29?
47
Evaluate -21 - ((-25 - -28) + -15 + -6 + 0).
-3
(-1 - 55) + (-6 + (33 - 14) - 10)
-53
Calculate 7 - (1 + (-17 - -22) - (-1 + 5)).
5
What is (18918 - 19011) + (0 - 1 - -22)?
-72
What is the value of (39 - (-16 - -5)) + (2 - (5 - 0)) + 1?
48
Evaluate -146 - (-86 - 57) - (1 + -31).
27
What is -42 - ((-12 - -51) + -18 - 138)?
75
What is 37 - (55 - (-89 - -82))?
-25
Evaluate -94 + (19 - 10) + (-44 - -21) + 29.
-79
1 + 24 + 2 + -13 + -534 + 545
25
What is the value of -4 + -1 - (3 + -2 + 94) - -11?
-89
What is the value of (247 - 99) + 64 + -109?
103
What is (-6 - -1) + -6 + -5 + 70 - (-16 + 15)?
55
What is 9 + (-1 + 4 - (-7 - -10) - (-43 + 86))?
-34
What is -1 + -38 + (-140 + 14 - -144) + 169?
148
-1 - (-5 + 2) - (-4 - 4 - (37 - 48))
-1
What is -18 - (17 - (-43 + -16 + 1 + 26))?
-67
Evaluate -49 + (-10 - -28 - -9 - 13).
-35
What is the value of 12 - (133 + -173 - -78 - (1 + 18))?
-7
What is 70 